what is 3 + 6da?
6dd
In base 2, what is -1 + 10011111000010?
10011111000001
In base 6, what is 133521 + -510?
133011
In base 7, what is -24236 + 24?
-24212
In base 13, what is -2 + 173?
171
In base 5, what is -12140 + -13?
-12203
In base 13, what is -749 + -401?
-b4a
In base 10, what is 5 - 1037476?
-1037471
In base 16, what is 11 - -1d9a?
1dab
In base 15, what is -157460 - -5?
-15745a
In base 9, what is 3284 - -25?
3320
In base 2, what is 10000110111010101010 - -11?
10000110111010101101
In base 13, what is -326b2 - -4?
-326ab
In base 12, what is 2231a + 41?
2235b
In base 3, what is -111101 - 221?
-112022
In base 6, what is -33234 - -1312?
-31522
In base 3, what is 10120 + 110001010?
110011200
In base 14, what is -495 + -68?
-51d
In base 10, what is -2795 + 3?
-2792
In base 2, what is -11010101 - 1001111010110?
-1010010101011
In base 5, what is -41330411 + 4?
-41330402
In base 12, what is 3 + -a?
-7
In base 14, what is -3 - 7104a?
-7104d
In base 6, what is -1215041 - -5?
-1215032
In base 16, what is 54 - -379?
3cd
In base 9, what is -16 + -876?
-1003
In base 11, what is 160 - -8641?
87a1
In base 9, what is 518720 - 5?
518714
In base 4, what is 30 - -12210?
12300
In base 2, what is -11110011111001001 + -1?
-11110011111001010
In base 12, what is 8 + 36282?
3628a
In base 16, what is 0 - 2d22?
-2d22
In base 10, what is 236 - 2023?
-1787
In base 3, what is 1101100012 + 2?
1101100021
In base 12, what is 5631 + -16a?
5483
In base 2, what is 101 - 100010111000100111?
-100010111000100010
In base 14, what is -17c9 + c6?
-1703
In base 13, what is -134 - -3ab?
277
In base 12, what is -2a646 - 1?
-2a647
In base 3, what is -1100222 - -220212?
-110010
In base 2, what is -101011011 + 1000111000?
11011101
In base 15, what is 81 - -14c5?
1556
In base 13, what is 1a1 - -332?
503
In base 11, what is 2 - 559a7?
-559a5
In base 16, what is 3 - -c60c?
c60f
In base 12, what is 63 - -358?
3bb
In base 13, what is 11794 + 1?
11795
In base 13, what is -1b845 + 6?
-1b83c
In base 15, what is e6b - -2c7?
1243
In base 16, what is 2ef + 192?
481
In base 4, what is 132 + 220202?
221000
In base 13, what is -8 - c51c?
-c527
In base 3, what is -1221 - 1002?
-10000
In base 6, what is -5 - -2015142?
2015133
In base 2, what is 11 + 10011001011001010?
10011001011001101
In base 6, what is -4302 - 4134?
-12440
In base 8, what is -30 + 1526?
1476
In base 6, what is -1 - 2534554?
-2534555
In base 5, what is -10 - 214102?
-214112
In base 7, what is 1053 - -33?
1116
In base 9, what is 14835 + 14?
14850
In base 13, what is 174 - -166b?
1812
In base 14, what is 102 + d0?
1d2
In base 9, what is 102426 + 4?
102431
In base 4, what is -3 + 12213103122?
12213103113
In base 12, what is 5 - 976?
-971
In base 8, what is -13 + 2401?
2366
In base 16, what is -40b + -1?
-40c
In base 9, what is -341 - 5823?
-6264
In base 14, what is -50 + 527?
4b7
In base 10, what is 692 + -486?
206
In base 2, what is -100001101011010 + 0?
-100001101011010
In base 9, what is -2478 + -5?
-2484
In base 16, what is 5 - -9465?
946a
In base 4, what is 300101031 - -11?
300101102
In base 7, what is -140 + 666?
526
In base 9, what is 4 - 3678?
-3674
In base 5, what is -3 - -32224?
32221
In base 8, what is 1020767 - -1?
1020770
In base 16, what is 20dbbd + 4?
20dbc1
In base 3, what is 20010220 - -200?
20011120
In base 5, what is -10 - 11440011?
-11440021
In base 4, what is 3103 + 30320?
100023
In base 2, what is -11 - 1010011111000011?
-1010011111000110
In base 4, what is -11 - -1212021323?
1212021312
In base 7, what is 1101 - 30?
1041
In base 8, what is -10 + -10434?
-10444
In base 4, what is -100013 + -1021?
-101100
In base 13, what is 2ac75b - -5?
2ac763
In base 5, what is 1 + 11031343?
11031344
In base 13, what is 27c - 28?
254
In base 5, what is -20030042 - 0?
-20030042
In base 7, what is 50434 + -16?
50415
In base 16, what is -64ea + 22?
-64c8
In base 13, what is -a86 - 176?
-c2c
In base 15, what is 3 - 2d1e?
-2d1b
In base 8, what is 33405 - -6?
33413
In base 14, what is 961a - -5?
9621
In base 5, what is -4401 + 10004?
103
In base 8, what is -11 + -355?
-366
In base 4, what is 2 - -1120213?
1120221
In base 11, what is 45 + -a29?
-994
In base 9, what is 60 - 37627?
-37557
In base 9, what is -570 - 303?
-873
In base 12, what is -3a0268 + -1?
-3a0269
In base 8, what is 33522 + 167?
33711
In base 13, what is 29 + -4662?
-4636
In base 4, what is -130003202 + -3?
-130003211
In base 4, what is -33 + 3221003?
3220310
In base 13, what is 1 - -9aac?
9ab0
In base 9, what is -1387 + 4?
-1383
In base 16, what is 6 - -be05?
be0b
In base 9, what is 25 + -138?
-113
In base 8, what is 5 + -4764?
-4757
In base 13, what is 7650 + 4?
7654
In base 10, what is -1 + -12399?
-12400
In base 3, what is -1002102221200 + -12?
-1002102221212
In base 7, what is -2 + -206565?
-206600
In base 11, what is 9aa077 - 5?
9aa072
In base 2, what is 10100110101 - 10010?
10100100011
In base 15, what is 5649 + 113?
575c
In base 8, what is 7 + 164340?
164347
In base 12, what is 90474 - 10?
90464
In base 16, what is 42d + 649?
a76
In base 10, what is -9876 - 187?
-10063
In base 8, what is -4 - 133441?
-133445
In base 11, what is 2092a + 18?
20947
In base 11, what is 26 - aa98?
-aa72
In base 7, what is -2 - 106060?
-106062
In base 3, what is -11021022002 + 12?
-11021021220
In base 13, what is -4249 - -1b?
-422b
In base 3, what is 2 + 2010210?
2010212
In base 5, what is 40 + -142401?
-142311
In base 4, what is -1120231 - -113?
-1120112
In base 9, what is 436 + -236?
200
In base 7, what is 2601632 - -6?
2601641
In base 5, what is 3 - 44030430?
-44030422
In base 4, what is 103 + 0?
103
In base 3, what is -22022001 + 1020?
-22020211
In base 2, what is 11010100 + 100111011?
1000001111
In base 8, what is -25 - 157152?
-157177
In base 12, what is -13618a - 2?
-136190
In base 16, what is -d - 2c3c5?
-2c3d2
In base 14, what is -11d5 + -281?
-1476
In base 13, what is -40 + -623?
-663
In base 8, what is 134 + -41752?
-41616
In base 9, what is 3 + 34445?
34448
In base 4, what is 3022033 - 1112?
3020321
In base 3, what is -122012 - 110020?
-1002102
In base 4, what is -203022 + -33?
-203121
In base 5, what is -20042 - 230?
-20322
In base 3, what is 2110121 - 2121?
2101000
In base 2, what is -11000 + 1000001100?
111110100
In base 9, what is -5 + 7061?
7055
In base 2, what is -10111100000 - 1110101011?
-100110001011
In base 9, what is 1015 - 104?
811
In base 5, what is 10 - -21323?
21333
In base 4, what is -3230 + -3102?
-12332
In base 6, what is -2000 + 55232?
53232
In base 5, what is -11431123 + -22?
-11431200
In base 9, what is -27 + -300?
-327
In base 13, what is 46b91 - 0?
46b91
In base 10, what is 9900 - -6?
9906
In base 15, what is 21 + -1319b?
-1317a
In base 16, what is -32e + 122c?
efe
In base 5, what is -40 + 32?
-3
In base 8, what is -2 - 115?
-117
In base 2, what is 10101010010001001 + 10?
10101010010001011
In base 5, what is -2 + -11430?
-11432
In base 4, what is 103 - -33132?
33301
In base 2, what is 11001100000101 + -111?
11001011111110
In base 9, what is 3186 - 3?
3183
In base 15, what is 16 + -424?
-40d
In base 11, what is 21 - -5614?
5635
In base 12, what is -40 - -1684?
1644
In base 8, what is -30 - 1556?
-1606
In base 5, what is -3 - -21210?
21202
In base 13, what is 90c + -b?
901
In base 15, what is -1227 + -3?
-122a
In base 3, what is 1112201000 - -10?
1112201010
In base 10, what is -4 + 174734?
174730
In base 7, what is 111164 + -25?
111136
In base 10, what is 141219 - -1?
141220
In base 14, what is 184a - 22?
1828
In base 7, what is -21406 - 15?
-21424
In base 15, what is 650 + -54?
5eb
In base 13, what is 38 - 27b?
-243
In base 6, what is -10312 - -3?
-10305
In base 5, what is -4 - 44311114?
-44311123
In base 15, what is -44 + 18?
-2b
In base 5, what is -41130221 - -4?
-41130212
In base 4, what is -3 - -1120231120?
1120231111
In base 13, what is -401 - 3?
-404
In base 10, what is -2 - -4555?
4553
In base 6, what is -10224522 + -1?
-10224523
In base 2, what is 10 + 1000101101100011?
1000101101100101
In base 8, what is -450 - -1172?
522
In base 5, what is -200123 - -343?
-144230
In base 6, what is -5 + -3542222?
-3542231
In base 8, what is -411 - -32?
-357
In base 12, what is 3214736 - -2?
3214738
In base 8, what is 110405 + -2?
110403
In base 15, what is